 213 = l, 3*l = 5*i - 403. Let u(b) = b**3 + 8*b**2 + 29*b + 12. Let z be u(-6). Let f = z - l. What is the tens digit of f?
4
Let j(c) = -16*c**3 - 3*c**2 - 11*c. What is the tens digit of j(-3)?
3
Let l = 108 - 104. What is the tens digit of l + (-45)/(-10)*30?
3
Suppose -39*o + 34*o + 410 = 0. Let p = 222 + o. What is the hundreds digit of p?
3
What is the hundreds digit of 64/224*9058/4?
6
Suppose 4*i = -2*i - 3384. What is the tens digit of i/18*(-3)/2?
4
Let x be ((-8)/(-24) - 8/6) + 19. Let g(s) = 2*s + 43. What is the tens digit of g(x)?
7
Let d(g) = 18*g - 29. What is the hundreds digit of d(13)?
2
Let d(b) = -b**3 + 45*b**2 + 8*b + 38. What is the tens digit of d(44)?
2
Suppose 2*w + 3*w - 2587 = -4*b, -b - 4*w + 655 = 0. What is the units digit of b?
3
Suppose 132*o - 126*o - 858 = 0. What is the tens digit of o?
4
What is the units digit of 4 + (-24485)/(-4) + 100/(-80)?
4
Let b = 978 - 690. What is the tens digit of b?
8
Let a(p) = 20*p - 10. Let x be a(5). What is the tens digit of x - -4*(-6)/8?
8
Suppose 5*g = 10 - 0. Suppose 1 + 0 = -h, -g*h = 5*v - 518. What is the tens digit of v?
0
Let i(s) = -s**3 - 2. Let m be i(-2). Let g = 30 - m. Let r = g + 5. What is the tens digit of r?
2
Suppose -6 + 0 = -2*h. Suppose 5*d = -5*g + 45, -3*g = -4*g - h*d + 17. What is the units digit of g?
5
Let x(i) = 8*i**2 + 84*i - 21. What is the hundreds digit of x(16)?
3
Let y(o) be the second derivative of -o**5/20 + 13*o**4/12 + 4*o**3/3 + o**2/2 - 23*o. What is the tens digit of y(13)?
0
Suppose 146 = 2*d - 120. What is the hundreds digit of d?
1
Suppose -2*p = 2*p - 8, 2*p - 4 = -t. Suppose t = -13*f + 14*f. What is the units digit of f/((-3)/3) + 16?
6
What is the tens digit of (4 + 3)*(236 + 18)?
7
Let r(d) = 16*d - 35. Suppose -20 = -2*c - 2*n, -3*c + 0*n + 26 = n. What is the units digit of r(c)?
3
Suppose x + 1 + 17 = 0. What is the hundreds digit of (x/(-18))/(2/220)?
1
What is the tens digit of 456/15 + 3*(-2)/15?
3
Let x(y) = 7 - 5 + 2*y + 1 - y. Let h be x(-10). Let i(a) = a**3 + 8*a**2 - 4*a - 7. What is the tens digit of i(h)?
7
Suppose 4*z = -0*g - 5*g - 6, 0 = -5*g - 2*z + 2. Suppose 0 = g*n - 37 - 53. What is the tens digit of n?
4
Let k be 1*(-2)/((-4)/50). Let x(m) = 2*m**2 - 7*m. Let y be x(4). Let l = y + k. What is the tens digit of l?
2
What is the hundreds digit of (25 - -7)/4 - -1070?
0
Let n(s) = -363*s - 18. What is the units digit of n(-3)?
1
Let u be 13/26*2*1. Let b be (0/u)/(-1) - 3. Let q(d) = 8*d**2 + 8*d + 2. What is the tens digit of q(b)?
5
Let k(a) = -2*a + 8. Let y be k(4). What is the units digit of y + (-4 - 0) + 5?
1
Suppose -2152 = -9*d + 1880. What is the units digit of d?
8
Suppose 2*z + 0 = 28. Suppose -3*t + 130 = -17. Let h = t - z. What is the tens digit of h?
3
Let n(j) = 3*j**2 - 1 - 3*j**3 - 3*j**3 + 0 - j**2. What is the units digit of n(-1)?
7
What is the thousands digit of 30/(-165) + (-63590)/(-55)?
1
Suppose -3*u - 13 = -8*u - 2*w, 2*u + 4*w = 2. What is the tens digit of 6/u + 2 + 41?
4
Let i(x) = -x**2 + 7*x - 2. Let f be i(3). Let n(m) = -4*m**2 + 13*m**2 + f + 7*m**2 + m**3 - m. What is the units digit of n(-16)?
6
Suppose 0 = -p - 2*t + 405, -4*p + 0*p + 1610 = -2*t. What is the units digit of p?
3
Let s(i) = -35*i + 188. What is the units digit of s(-26)?
8
Let v(y) = y**3 - y**2 - y. Let w(z) = 5*z**3 - 20*z**2 + 5*z - 35. Let l(m) = 4*v(m) - w(m). What is the tens digit of l(15)?
2
Let s(l) be the second derivative of -l**4/3 - l**3/3 - l**2 - 7*l. Let i be s(6). What is the tens digit of (-8)/(-32) - i/8?
2
Suppose 0 = i + i - 12. Let g be ((-12)/(-10))/(2/300*9). Let o = g + i. What is the units digit of o?
6
Let z(p) = -p**3 + 20*p**2 - 16*p - 6. Let i be z(18). Suppose 2*c + 58 = i. What is the hundreds digit of c?
1
Let x = 8 + -8. Suppose x = a - 48 - 7. Suppose -5*p + 135 = -a. What is the units digit of p?
8
Let s = 1288 + -1007. What is the hundreds digit of s?
2
Let p(a) = a**3 - 2*a**2 - a - 825. Let n be p(0). What is the tens digit of (1*-1*1)/(15/n)?
5
Suppose 1587 = 4*b + 5*p, -5*b = -0*b - 2*p - 1959. What is the units digit of b?
3
Suppose 3*k = -2*q + 174, 5*k + 553 - 93 = 5*q. Suppose 0*s = 3*s - q. What is the units digit of s?
0
Suppose -s + 12 = -5*r, 3*s + 1 = -5*r - 3. What is the tens digit of (-1)/((1/113)/(s/(-2)))?
1
Let a = 26 - 15. Suppose -5*b - a + 6 = 0. What is the units digit of b + (-2 - -11)*1?
8
Let u(c) = 0*c**2 + c + 2*c - 18 - 1 + 2*c**2. What is the tens digit of u(-7)?
5
What is the hundreds digit of (-54)/(-45)*((5 - 0) + 1975)?
3
Suppose -20 = 2*j - 2*g - 2, -5*j + 2*g = 54. Let x = 55 - j. What is the units digit of x?
7
Let o(k) = -k**2 + 12*k - 5. Let a be o(11). Suppose v - 4*v + a = 0. What is the tens digit of 15/(-1*v/(-8))?
6
Let y = 7 + 4. Suppose -39 = -5*i - 5*m + y, 3*i - 2*m - 5 = 0. Suppose i*r = 8 + 32. What is the units digit of r?
8
Suppose -a - 2*b - 69 = 3*b, -a - 3*b - 67 = 0. Let p = a + 322. What is the hundreds digit of p?
2
Let o be (-6)/(-10) - 144/(-10). Suppose c - 5*g - 7 = 26, g + 37 = 4*c. Suppose -o - c = -q. What is the tens digit of q?
2
Suppose -9*k - 277 + 5335 = 0. What is the tens digit of k?
6
Suppose 4 = -2*t, 4*t + 895 = 3*b - t. What is the hundreds digit of b?
2
Let k be (-712)/(-60) - 8/(-60). Suppose -10*f + 14 = -k*f. What is the units digit of (-1 - -3) + (-49)/f?
9
Suppose i + i - 2 = 0. Suppose -k = -4*p - 2*k + 19, k = p - i. Suppose -4*a - 164 = -4*g, 0 = -p*g - a + 39 + 130. What is the tens digit of g?
4
What is the hundreds digit of (-5)/(5/(-873)) - (21 - 14)?
8
What is the units digit of 5 - ((-1 - -1) + -63)?
8
Let m(u) = 173*u - 75. What is the hundreds digit of m(3)?
4
Suppose -17*s - 13*s + 10920 = 0. What is the hundreds digit of s?
3
Suppose -1351 = -c + 4*j, 0 = -c + 2*j + 1316 + 39. What is the thousands digit of c?
1
Let v = -66 + 55. What is the units digit of (v/1)/((-19)/133)?
7
Suppose -3*s - 332 = -t, 2*t - 4*s + 26 = 690. Suppose -3*n = n - t. What is the tens digit of n?
8
Let i be 14/(-5) - 8/(-10). What is the tens digit of 69/(i - (-3 - 0))?
6
Suppose 25*p + 730 = b + 28*p, -4*b - 5*p + 2941 = 0. What is the units digit of b?
9
Suppose 7*v - 4*v - 420 = 0. What is the tens digit of (-2)/(-7) - (-5560)/v?
4
Suppose 1395 = -2*v + 4*v - 5*f, 5*v = -3*f + 3441. What is the hundreds digit of v?
6
Suppose -2*x = -0*g - 4*g + 10, 0 = 5*x + 5. Suppose -3*o - 102 = -2*d, 3*o + 255 = 5*d + g*o. Suppose -d = 3*i - 6*i. What is the tens digit of i?
1
What is the units digit of 3/5 + 187536/240?
2
Suppose -5*z = 2*k - 2*z - 6, -4*k + 12 = 5*z. Suppose 69 + 15 = k*u. What is the units digit of u?
8
Let c(p) = -21*p**3 + 6*p + 8. Suppose 5*h + 41 - 31 = 0. What is the hundreds digit of c(h)?
1
Let o(z) = -z**2 - 11*z + 11. Let i be o(-12). Let g(p) = -55*p**3 - p. What is the units digit of g(i)?
6
Suppose 5440 = 7*c + 1352. What is the units digit of c?
4
Let a(i) = i - 2. Let q be a(5). Suppose -4 = 2*z + 4, -z - 673 = -q*t. What is the tens digit of t?
2
Let j(r) be the third derivative of 5*r**4/8 - 31*r**3/6 + 19*r**2. What is the tens digit of j(6)?
5
What is the thousands digit of (17376/80 + 15)/((-2)/(-10))?
1
Let u(n) = 372*n + 275. What is the units digit of u(7)?
9
Suppose -36 = 6*x + 24. Let z be (8/10)/((-2)/x). Suppose z*v = 212 - 40. What is the units digit of v?
3
Let p(i) = i**3 - 2*i**2 - 23*i - 2. Let c be p(-4). Let k(s) = -39*s - 5. What is the units digit of k(c)?
9
Let m be 6 + -8 + 1 + 3. Suppose 0 = m*h + 4*h - 696. What is the units digit of h?
6
Suppose -9 = -5*v + 11, r = -5*v + 22. Let p = 1 + r. Suppose 0 = 4*d - 3*b - 100, p*d - b = b + 75. What is the tens digit of d?
2
Let f = 675 - 404. What is the units digit of f?
1
Let d be -32*2/(-10)*-5. Let j = d + 93. What is the units digit of j?
1
Let k(r) = r**2 - 4*r - 4. Let s be k(4). Let m(n) be the second derivative of n**4/6 - n**3/3 - 9*n**2/2 - 2*n - 84. What is the tens digit of m(s)?
3
What is the units digit of (-3 - -1) + -13989*(-7)/21?
1
Let n be 6/(-9) - (-134)/(-6). Suppose 0 = -9*w + 6*w + 117. Let c = n + w. What is the tens digit of c?
1
Suppose -138*u - 26565 = -153*u. What is the units digit of u?
1
Suppose 68 + 91 = 3*c. Suppose 0 = -5*f + 263 - c. What is the units digit of